{"id":126,"date":"2010-05-27T21:54:01","date_gmt":"2010-05-27T19:54:01","guid":{"rendered":"http:\/\/www.missionorder.de\/?page_id=126"},"modified":"2010-05-27T23:56:03","modified_gmt":"2010-05-27T21:56:03","slug":"impressum","status":"publish","type":"page","link":"http:\/\/www.missionorder.de\/?page_id=126","title":{"rendered":"Impressum"},"content":{"rendered":"<p><strong>Redaktionelle Verantwortung:<\/strong> Frauke  Junghans, F\u00f6hrbergstr. 4, 72119 Ammerbuch<\/p>\n<p>Gem\u00e4\u00df \u00a7 28 BDSG widersprechen wir jeder kommerziellen Verwendung und  Weitergabe obenstehender Daten.<\/p>\n<p>Diese Web-Pr\u00e4senz ist Teil des WWW und dementsprechend mit fremden, sich  jederzeit wandeln k\u00f6nnenden Web-Sites verkn\u00fcpft, die folglich auch nicht  dem Verantwortungsbereich f\u00fcr die Internetpr\u00e4senz unter www.missionorder.de unterliegen. Dass die Links weder gegen Sitten noch  Gesetze versto\u00dfen, wurde genau einmal gepr\u00fcft: bevor sie hier  aufgenommen wurden.<\/p>\n","protected":false},"excerpt":{"rendered":"<p>Redaktionelle Verantwortung: Frauke Junghans, F\u00f6hrbergstr. 4, 72119 Ammerbuch Gem\u00e4\u00df \u00a7 28 BDSG widersprechen wir jeder kommerziellen Verwendung und Weitergabe obenstehender Daten. Diese Web-Pr\u00e4senz ist Teil des WWW und dementsprechend mit fremden, sich jederzeit wandeln k\u00f6nnenden Web-Sites verkn\u00fcpft, die folglich auch nicht dem Verantwortungsbereich f\u00fcr die Internetpr\u00e4senz unter www.missionorder.de unterliegen. Dass die Links weder gegen Sitten &hellip;<\/p>\n<p class=\"read-more\"> <a class=\"\" href=\"http:\/\/www.missionorder.de\/?page_id=126\"> <span class=\"screen-reader-text\">Impressum<\/span> Weiterlesen &raquo;<\/a><\/p>\n","protected":false},"author":2,"featured_media":0,"parent":0,"menu_order":1,"comment_status":"closed","ping_status":"closed","template":"","meta":{"site-sidebar-layout":"default","site-content-layout":"default","ast-global-header-display":"","ast-main-header-display":"","ast-hfb-above-header-display":"","ast-hfb-below-header-display":"","ast-hfb-mobile-header-display":"","site-post-title":"","ast-breadcrumbs-content":"","ast-featured-img":"","footer-sml-layout":"","theme-transparent-header-meta":"","adv-header-id-meta":"","stick-header-meta":"","header-above-stick-meta":"","header-main-stick-meta":"","header-below-stick-meta":"","footnotes":""},"class_list":["post-126","page","type-page","status-publish","hentry"],"_links":{"self":[{"href":"http:\/\/www.missionorder.de\/index.php?rest_route=\/wp\/v2\/pages\/126","targetHints":{"allow":["GET"]}}],"collection":[{"href":"http:\/\/www.missionorder.de\/index.php?rest_route=\/wp\/v2\/pages"}],"about":[{"href":"http:\/\/www.missionorder.de\/index.php?rest_route=\/wp\/v2\/types\/page"}],"author":[{"embeddable":true,"href":"http:\/\/www.missionorder.de\/index.php?rest_route=\/wp\/v2\/users\/2"}],"replies":[{"embeddable":true,"href":"http:\/\/www.missionorder.de\/index.php?rest_route=%2Fwp%2Fv2%2Fcomments&post=126"}],"version-history":[{"count":8,"href":"http:\/\/www.missionorder.de\/index.php?rest_route=\/wp\/v2\/pages\/126\/revisions"}],"predecessor-version":[{"id":157,"href":"http:\/\/www.missionorder.de\/index.php?rest_route=\/wp\/v2\/pages\/126\/revisions\/157"}],"wp:attachment":[{"href":"http:\/\/www.missionorder.de\/index.php?rest_route=%2Fwp%2Fv2%2Fmedia&parent=126"}],"curies":[{"name":"wp","href":"https:\/\/api.w.org\/{rel}","templated":true}]}}